 j(m) = -14*m**2 + 8*m - 23. What is j(3)?
-125
Let t(j) = 150*j - 256. Give t(3).
194
Let a(m) = -65*m - 12141. Determine a(-187).
14
Let h(j) = 70813*j - 495695. Determine h(7).
-4
Let z(a) = a**3 + 22*a**2 - 3*a - 60. What is z(-22)?
6
Let z(l) = -5*l**3 - 30*l**2 + 14*l - 5. Determine z(-8).
523
Let u(a) = 1021*a - 2059. Give u(2).
-17
Let h(a) = -92*a + 219. Calculate h(2).
35
Let w(i) = -614*i - 2484. What is w(-4)?
-28
Let t(y) = 666*y + 32618. Give t(-49).
-16
Let v(j) = 1012*j + 9110. Give v(-9).
2
Let o(p) = -p**3 + 38*p**2 + 37*p + 307. What is o(39)?
229
Let d(n) = 11*n**2 - 51*n - 50. Calculate d(6).
40
Let d(h) = 34*h - 4591. Give d(135).
-1
Let g(v) = -5*v - 144. What is g(-45)?
81
Let b(j) = -j**3 + 43*j - 108. Determine b(4).
0
Let f(n) = 17*n + 56. What is f(-15)?
-199
Let b(w) = 2*w**3 - 8*w**2 - 57*w - 8. Give b(10).
622
Let l(x) = -x**2 + 3*x + 66. What is l(-7)?
-4
Let h(c) = 348*c - 593. Give h(2).
103
Let k(g) = -23*g**2 - 1168*g + 270. Determine k(-51).
15
Let o(z) = 138*z - 222. Calculate o(2).
54
Let j(n) = n**3 - 25*n**2 + 71*n - 2520. What is j(26)?
2
Let l(s) = -s**2 - 99*s + 28013. Calculate l(125).
13
Let p(w) = 18*w**2 + 131*w - 105. Calculate p(-8).
-1
Let k(r) = -3*r**2 - 251*r - 5252. What is k(-42)?
-2
Let y(i) = 2*i**2 - 25*i - 523. Give y(24).
29
Let h(g) = 39*g + 5256. Give h(-135).
-9
Let g(f) = -f**3 + 6*f**2 + 10*f + 12. Determine g(8).
-36
Let t(b) = 6*b**2 - 2*b - 223. Calculate t(-13).
817
Let x(o) = o**3 + 10*o**2 - 1513*o - 15144. Give x(-10).
-14
Let c(i) = 3*i**2 - 18*i - 28. What is c(7)?
-7
Let k(w) = -w**2 + 3462*w - 65431. Calculate k(19).
-14
Let s(w) = w**3 + 54*w**2 + 67*w + 398. Give s(-53).
-344
Let o(s) = -3*s**2 - 184*s - 559. Determine o(-3).
-34
Let o(k) = -8*k**2 - 13*k + 30. Determine o(-7).
-271
Let j(y) = 11*y - 156. Calculate j(20).
64
Let n(j) = -5*j**2 - 7138*j - 21408. Give n(-3).
-39
Let n(d) = -d**3 + 11*d**2 - 22*d + 6. Determine n(3).
12
Let a(c) = -25*c**2 - 884*c + 2501. Determine a(-38).
-7
Let x(h) = h**2 - 11*h - 367. Give x(31).
253
Let l(f) = f**2 + 49*f + 83. Calculate l(-48).
35
Let o(r) = -338*r - 5750. Calculate o(-17).
-4
Let r(a) = 2*a**2 - 323*a + 3465. Calculate r(150).
15
Let n(b) = -b**3 - 24*b**2 + 67*b + 234. Calculate n(-26).
-156
Let z(a) = 271*a + 2174. Calculate z(-8).
6
Let t(v) = -v**2 + 30*v + 426. Give t(41).
-25
Let m(k) = k**3 + 188*k**2 + 5*k + 944. Determine m(-188).
4
Let r(o) = o**2 - 56*o + 604. Determine r(41).
-11
Let o(i) = -4*i**2 - 12*i + 64. Determine o(3).
-8
Let r(f) = f**3 - 4*f**2 + 18*f - 15. Determine r(3).
30
Let a(m) = m + 23. Calculate a(6).
29
Let a(x) = x**2 - 9*x - 23. Give a(6).
-41
Let r(m) = 33822*m - 202938. What is r(6)?
-6
Let c(f) = 84*f + 3671. What is c(-44)?
-25
Let s(j) = 57*j - 1333. Determine s(26).
149
Let m(p) = -p**3 - 347*p**2 - 2057*p - 3743. Determine m(-341).
8
Let w(m) = m**2 - 365*m + 32794. What is w(160)?
-6
Let p(i) = -i**2 - 51*i + 1732. What is p(-68)?
576
Let c(v) = -582*v - 4098. What is c(-7)?
-24
Let d(q) = -20*q**2 + 15*q - 44. Calculate d(2).
-94
Let o(n) = -167*n + 6021. Determine o(36).
9
Let d(r) = -66*r**2 - 131*r - 1. Give d(-2).
-3
Let n(g) = 76*g + 983. Calculate n(-13).
-5
Let c(b) = -b**3 - 3*b**2 + 13*b - 26. Determine c(-6).
4
Let l(c) = 98*c + 357. What is l(-6)?
-231
Let i(f) = 153*f - 445. Give i(3).
14
Let o(k) = -k**2 - 10*k - 21. Determine o(-6).
3
Let v(j) = 23*j + 251. What is v(-11)?
-2
Let a(i) = 12*i**3 - 840*i**2 + 67. Calculate a(70).
67
Let y(f) = -127*f**2 - 573*f + 306. Give y(-5).
-4
Let d(y) = -172*y + 2047. Give d(11).
155
Let m(l) = -436*l + 6568. What is m(15)?
28
Let i(l) = 5*l**2 - 62*l. What is i(5)?
-185
Let c(u) = -u**3 - 12*u**2 - 39*u - 10. Give c(-7).
18
Let f(x) = 4*x**2 + 83*x - 16. Calculate f(-20).
-76
Let y(s) = -43*s**2 - 101*s + 87. Give y(-3).
3
Let u(j) = -20*j**2 + 58*j + 11. What is u(5)?
-199
Let o(i) = 908*i + 8180. Determine o(-9).
8
Let v(p) = -23*p**2 + 96*p + 99. What is v(5)?
4
Let x(y) = -y**3 + 10*y**2 - 8*y - 21. Determine x(5).
64
Let z(g) = -g**2 + 13*g + 46. Determine z(18).
-44
Let w(p) = -p**2 - 29*p + 110. Calculate w(4).
-22
Let p(t) = 9*t**3 - 3*t**2 + 7*t - 29. Calculate p(3).
208
Let l(k) = 2*k**3 + k - 10. Give l(5).
245
Let v(p) = -p**3 - 19*p**2 - 10*p - 196. Give v(-19).
-6
Let w(y) = -2*y**3 - 38*y**2 - 8*y - 166. Determine w(-19).
-14
Let m(l) = l**2 + 248*l + 3277. Determine m(-14).
1
Let z(n) = -51*n + 268. Give z(5).
13
Let i(t) = 75*t**2 - 49*t + 47. Calculate i(1).
73
Let j(w) = 4*w + 247. Calculate j(-50).
47
Let s(r) = -84*r - 243. Give s(-3).
9
Let k(b) = -14*b - 438. Determine k(-24).
-102
Let d(c) = -9*c**3 + c**2 + 5*c - 5. Determine d(2).
-63
Let b(w) = 93*w - 3. Determine b(-3).
-282
Let k(s) = s**2 - 31*s + 137. Calculate k(26).
7
Let n(f) = -f**2 + 354*f - 3446. Determine n(10).
-6
Let d(i) = 47*i**2 + 8*i - 8. Give d(1).
47
Let q(c) = -c**2 - 40*c - 166. Give q(-37).
-55
Let g(o) = 18*o**2 - 978*o - 668. Determine g(55).
-8
Let t(w) = 10*w**2 + 376*w - 486. Give t(-39).
60
Let k(i) = 592*i - 14229. Give k(24).
-21
Let q(f) = f**2 + 15*f + 42. Determine q(0).
42
Let a(n) = -12*n**2 - 338*n - 55. Determine a(-28).
1
Let a(i) = -i**2 + 5*i + 19. Determine a(7).
5
Let t(o) = 8*o**3 + 5*o**2 + 7*o + 4. Give t(-1).
-6
Let p(s) = -16*s**2 + 207*s + 3. What is p(13)?
-10
Let z(t) = 13*t**3 - 16*t**2 + 26*t + 4. What is z(2)?
96
Let z(i) = 371*i - 12998. Determine z(35).
-13
Let n(f) = 38*f**3 - 5*f**2 - 5*f + 1. Give n(-1).
-37
Let j(h) = -h**3 - 7*h**2 - 8*h + 8. Determine j(-4).
-8
Let w(r) = r**3 - 65*r**2 + 74*r - 633. Give w(64).
7
Let m(h) = -6*h**2 - 65*h - 47. What is m(0)?
-47
Let o(i) = 16*i - 44. Calculate o(-6).
-140
Let g(d) = -47*d - 276. Give g(-6).
6
Let b(y) = -9*y**3 - 61*y**2 + 14*y + 31. Calculate b(-7).
31
Let g(d) = -d**3 + 10*d**2 - 4*d - 39. Give g(-3).
90
Let y(n) = -1262*n + 15144. Determine y(12).
0
Let i(j) = j**3 - 36*j**2 + 57*j + 135. Calculate i(34).
-239
Let d(u) = 55*u - 5716. What is d(104)?
4
Let j(c) = -40*c - 301. Give j(-7).
-21
Let c(b) = 2297*b + 87284. Determine c(-38).
-2
Let d(y) = -6*y - 16. Calculate d(-43).
242
Let a(q) = -1565*q - 4727. Give a(-3).
-32
Let h(m) = -2*m**2 + 17*m + 122. What is h(13)?
5
Let t(k) = -31*k**2 - 4*k + 3. Calculate t(1).
-32
Let c(p) = p**3 + 53*p**2 + 236*p - 212. Determine c(-48).
-20
Let g(d) = d**2 - 7*d + 104. Determine g(16).
248
Let v(y) = 38*y + 885. Calculate v(-24).
-27
Let p(w) = w**2 + 303*w + 1798. Determine p(-6).
16
Let o(w) = 3*w**2 + 61*w - 26. Give o(-20).
-46
Let m(c) = -13*c**2 + 4*c + 12. What is m(6)?
-432
Let c(r) = r**3 + 18*r**2 + 125*r + 502. What is c(-11)?
-26
Let s(o) = 345*o + 379. What is s(-1)?
34
Let w(x) = x**2 + 15*x - 645. Determine w(-34).
1
Let x(b) = 15*b**3 + b**2 + 52*b - 100. Calculate x(2).
128
Let g(r) = 233*r - 1895. Determine g(8).
-31
Let g(z) = -2*z**2 + 90*z + 963. Calculate g(54).
-9
Let f(z) = z**3 - 19*z**2 + 150*z - 1639. Calculate f(16).
-7
Let i(z) = 56*z + 8143. What is i(-146)?
-33
Let u(p) = 19*p - 603. What is u(30)?
-33
Let r(i) = -5*i**3 + 44*i**2 + 2*i - 27. What is r(9)?
-90
Let z(r) = 16*r - 94. Calculate z(-13).
-302
Let u(j) = 8*j + 265. Give u(-20).
105
Let t(r) = 4*r**3 + 76*r**2 - r - 59. Determine t(-19).
-40
Let l(v) = -2*v**3 - 22*v**2 - 74*v - 105. Determine l(-7).
21
Let a(t) = 2*t**3 - 5*t**2 - 21*t + 68. Calculate a(3).
14
Let j(h) = -h**3 + 62*h**2 - 199*h + 1342. What is j(59)?
44
Let c(m) = -2*m**2 - 23*m - 141. Determine c(-10).
-111
Let x(r) = 43*r + 301. Calculate x(-7).
0
Let y(v) = -2*v**3 - 308*v**2 + 1590*v + 18. Determine y(-159).
18
Let s(n) = -6*n - 88. Give s(-13).
-10
Let f(p) = -p**3 + 30*p**2 - 162*p + 418. What is f(24)?
-14
Let z(m) = m**3 + 8*m**2 - 34*m - 44. Give z(-11).
-33
Let y(f) = f**3 - 109*f**2 - 214*f - 890. What is y(111)?
-2
Let q(p) = -9701*p + 38806. What is q(4)?
2
Let t(s) = -145*s - 3184. Give t(-21).
-139
Let u(s) = -30132*s + 90393. Give u(3).
-3
Let n(o) = 42*o + 1560. What is n(-38)?
-36
Let y(a) = 620*a + 5436. Calculate y(-9).
-144
Let x(o) = o**3 + 30*o**2 + 134*o - 260. Give x(-24).
-20
Let l(n) = -77*n - 2190. Determine l(-30).
120
Let m(p) = -p**2 + 6*p + 646. Calculate m(-23).
-21
Let a(f) = 3*f - 5. Ca